{"id":15,"date":"2022-10-13T11:30:57","date_gmt":"2022-10-13T11:30:57","guid":{"rendered":"https:\/\/uni-crema.it\/uni-crema\/?page_id=15"},"modified":"2025-11-18T15:04:55","modified_gmt":"2025-11-18T15:04:55","slug":"contatti","status":"publish","type":"page","link":"https:\/\/uni-crema.it\/uni-crema\/contatti\/","title":{"rendered":"Contatti"},"content":{"rendered":"<div id=\"pl-15\"  class=\"panel-layout\" ><div id=\"pg-15-0\"  class=\"panel-grid panel-has-style\" ><div class=\"so-rounded panel-row-style panel-row-style-for-15-0\" ><div id=\"pgc-15-0-0\"  class=\"panel-grid-cell\" ><div id=\"panel-15-0-0-0\" class=\"so-panel widget widget_sow-editor panel-first-child panel-last-child\" data-index=\"0\" ><div\n\t\t\t\n\t\t\tclass=\"so-widget-sow-editor so-widget-sow-editor-base\"\n\t\t\t\n\t\t>\n<div class=\"siteorigin-widget-tinymce textwidget\">\n\t<p><!-- wp:siteorigin-panels\/layout-block {\"panelsData\":{\"widgets\":[{\"title\":\"\",\"text\":\"\\u003ch3\\u003eSede operativa\\u003c\/h3\\u003e\\n\\u003ch4\\u003eTelefono\\u003c\/h4\\u003e\\n\\u003cp\\u003e\\u003ca href=\\u0022tel:+390373386259\\u0022\\u003e+39 0373 386 259\\u003c\/a\\u003e (negli orari di apertura).\\u003cbr \/\\u003e\\n\\u003ca href=\\u0022tel:+393456076297\\u0022\\u003e+39 345 60 76 297\\u003c\/a\\u003e\u00a0 (negli orari di apertura).\\u003c\/p\\u003e\\n\\u003ch4\\u003eIndirizzo\\u003c\/h4\\u003e\\n\\u003cp\\u003ePresso l'ex Universit\u00e0 degli Studi,\\u003cbr \/\\u003e\\nvia Bramante, 65\\u003cbr \/\\u003e\\n26013 Crema (CR).\\u003c\/p\\u003e\\n\\u003ch4\\u003eEmail\\u003c\/h4\\u003e\\n\\u003cp\\u003e\\u003ca href=\\u0022mailto:info@uni-crema.it\\u0022\\u003einfo@uni-crema.it\\u003c\/a\\u003e\\u003c\/p\\u003e\\n\\u003ch4\\u003eOrari di apertura\\u003c\/h4\\u003e\\n\\n[open]\",\"filter\":true,\"visual\":true,\"panels_info\":{\"class\":\"WP_Widget_Text\",\"grid\":0,\"cell\":0,\"id\":0,\"widget_id\":\"00d07a49-1b2f-4cf9-be9e-1b744b5853c3\",\"style\":{\"background_image_attachment\":false,\"background_display\":\"tile\",\"cvw_duration\":\"300\",\"cvw_easing\":\"linear\",\"cvw_anchor\":\"top-bottom\",\"cvw_repeat\":\"true\"}},\"csb_visibility\":{\"action\":\"show\",\"conditions\":{\"guest\":[],\"date\":[],\"roles\":[],\"pagetypes\":[],\"posttypes\":[],\"membership\":[],\"membership2\":[],\"prosite\":[],\"pt-post\":[],\"pt-page\":[],\"pt-event\":[],\"tax-category\":[],\"tax-post_tag\":[],\"tax-post_format\":[],\"tax-ngg_tag\":[]},\"always\":true},\"csb_clone\":{\"group\":1,\"state\":\"ok\"}},{\"title\":\"\",\"content\":\"\\u003ciframe width=\\u0022425\\u0022 height=\\u0022350\\u0022 44 scrolling=\\u0022no\\u0022 marginheight=\\u00220\\u0022 marginwidth=\\u00220\\u0022 src=\\u0022https:\/\/www.openstreetmap.org\/export\/embed.html?bbox=9.660887718200685%2C45.360106569742314%2C9.709167480468752%2C45.3861539803366\\u0026amp;layer=mapnik\\u0026amp;marker=45.37311670089686%2C9.685022234916687\\u0022 style=\\u0022border: 1px solid black\\u0022\\u003e\\u003c\/iframe\\u003e\\u003cbr\/\\u003e\\u003csmall\\u003e\\u003ca href=\\u0022https:\/\/www.openstreetmap.org\/?mlat=45.3731\\u0026amp;mlon=9.6850#map=15\/45.3731\/9.6850\\u0022\\u003eVisualizza mappa ingrandita\\u003c\/a\\u003e\\u003c\/small\\u003e\",\"csb_visibility\":{\"action\":\"show\",\"conditions\":{\"guest\":[],\"date\":[],\"roles\":[],\"pagetypes\":[],\"posttypes\":[],\"membership\":[],\"membership2\":[],\"prosite\":[],\"pt-post\":[],\"pt-page\":[],\"pt-event\":[],\"tax-category\":[],\"tax-post_tag\":[],\"tax-post_format\":[],\"tax-ngg_tag\":[]},\"always\":true},\"csb_clone\":{\"group\":2,\"state\":\"ok\"},\"panels_info\":{\"class\":\"WP_Widget_Custom_HTML\",\"raw\":false,\"grid\":0,\"cell\":1,\"id\":1,\"widget_id\":\"fb747b7f-f824-4c68-a768-e4eb0774c791\",\"style\":{\"background_image_attachment\":false,\"background_display\":\"tile\",\"cvw_duration\":\"300\",\"cvw_easing\":\"linear\",\"cvw_anchor\":\"top-bottom\",\"cvw_repeat\":\"true\"}}}],\"grids\":[{\"cells\":2,\"style\":{\"padding\":\"1em 1em 1em 1em\",\"background\":\"#ffffff\",\"background_image_attachment\":false,\"background_display\":\"tile\",\"border_radius\":\"10px 10px 10px 10px\",\"box_shadow\":\"on\",\"box_shadow_color\":\"#000000\",\"box_shadow_opacity\":\"15\",\"box_shadow_offset_vertical\":\"5px\",\"box_shadow_blur\":\"15px\",\"cvw_duration\":\"300\",\"cvw_easing\":\"linear\",\"cvw_anchor\":\"top-bottom\",\"cvw_repeat\":\"true\",\"bottom_margin\":\"1em\",\"cell_alignment\":\"flex-start\"}}],\"grid_cells\":[{\"grid\":0,\"index\":0,\"weight\":0.5,\"style\":[]},{\"grid\":0,\"index\":1,\"weight\":0.5,\"style\":[]}]},\"contentPreview\":\"\\u003cdiv id=\\u0022pl-15\\u0022 class=\\u0022panel-layout\\u0022 \\u003e\\u003cdiv id=\\u0022pg-15-0\\u0022 class=\\u0022panel-grid panel-has-style\\u0022 \\u003e\\u003cdiv class=\\u0022panel-row-style panel-row-style-for-15-0\\u0022 \\u003e\\u003cdiv id=\\u0022pgc-15-0-0\\u0022 class=\\u0022panel-grid-cell\\u0022 \\u003e\\u003cdiv id=\\u0022panel-15-0-0-0\\u0022 class=\\u0022so-panel widget widget_text panel-first-child panel-last-child\\u0022 data-index=\\u00220\\u0022 \\u003e\\t\\t\\t\\u003cdiv class=\\u0022textwidget\\u0022\\u003e\\u003ch3\\u003eSede operativa\\u003c\/h3\\u003e\\n\\u003ch4\\u003eTelefono\\u003c\/h4\\u003e\\n\\u003cp\\u003e\\u003ca href=\\u0022tel:+390373386259\\u0022\\u003e+39 0373 386 259\\u003c\/a\\u003e (negli orari di apertura).\\u003cbr \/\\u003e\\n\\u003ca href=\\u0022tel:+393456076297\\u0022\\u003e+39 345 60 76 297\\u003c\/a\\u003e\u00a0 (negli orari di apertura).\\u003c\/p\\u003e\\n\\u003ch4\\u003eIndirizzo\\u003c\/h4\\u003e\\n\\u003cp\\u003ePresso l\\u0026#8217;ex Universit\u00e0 degli Studi,\\u003cbr \/\\u003e\\nvia Bramante, 65\\u003cbr \/\\u003e\\n26013 Crema (CR).\\u003c\/p\\u003e\\n\\u003ch4\\u003eEmail\\u003c\/h4\\u003e\\n\\u003cp\\u003e\\u003ca href=\\u0022mailto:info@uni-crema.it\\u0022\\u003einfo@uni-crema.it\\u003c\/a\\u003e\\u003c\/p\\u003e\\n\\u003ch4\\u003eOrari di apertura\\u003c\/h4\\u003e\\n\\u003ctable class=\\u0022opening-hours\\u0022\\u003e\\r\\n\\t\\u003ctr class=\\u0022day luned\\u002d\\u002d today weekday closed\\u0022\\u003e\\r\\n\\t\\t\\u003cth class=\\u0022day-name\\u0022\\u003eLuned\u00ec:\\u003c\/th\\u003e\\r\\n\\t\\t\\u003ctd class=\\u0022hours\\u0022\\u003eChiuso\\u003c\/td\\u003e\\r\\n\\t\\u003c\/tr\\u003e\\r\\n\\t\\u003ctr class=\\u0022day marted\\u002d\\u002d tomorrow future weekday\\u0022\\u003e\\r\\n\\t\\t\\u003cth class=\\u0022day-name\\u0022\\u003eMarted\u00ec:\\u003c\/th\\u003e\\r\\n\\t\\t\\u003ctd class=\\u0022hours\\u0022\\u003e10:00 \u2013 12:00\\u003c\/td\\u003e\\r\\n\\t\\u003c\/tr\\u003e\\r\\n\\t\\u003ctr class=\\u0022day mercoled\\u002d\\u002d future weekday\\u0022\\u003e\\r\\n\\t\\t\\u003cth class=\\u0022day-name\\u0022\\u003eMercoled\u00ec:\\u003c\/th\\u003e\\r\\n\\t\\t\\u003ctd class=\\u0022hours\\u0022\\u003e15:00 \u2013 17:00\\u003c\/td\\u003e\\r\\n\\t\\u003c\/tr\\u003e\\r\\n\\t\\u003ctr class=\\u0022day gioved\\u002d\\u002d future weekday\\u0022\\u003e\\r\\n\\t\\t\\u003cth class=\\u0022day-name\\u0022\\u003eGioved\u00ec:\\u003c\/th\\u003e\\r\\n\\t\\t\\u003ctd class=\\u0022hours\\u0022\\u003e10:00 \u2013 12:00\\u003c\/td\\u003e\\r\\n\\t\\u003c\/tr\\u003e\\r\\n\\t\\u003ctr class=\\u0022day venerd\\u002d\\u002d future weekday closed\\u0022\\u003e\\r\\n\\t\\t\\u003cth class=\\u0022day-name\\u0022\\u003eVenerd\u00ec:\\u003c\/th\\u003e\\r\\n\\t\\t\\u003ctd class=\\u0022hours\\u0022\\u003eChiuso\\u003c\/td\\u003e\\r\\n\\t\\u003c\/tr\\u003e\\r\\n\\t\\u003ctr class=\\u0022day sabato future weekend closed\\u0022\\u003e\\r\\n\\t\\t\\u003cth class=\\u0022day-name\\u0022\\u003eSabato:\\u003c\/th\\u003e\\r\\n\\t\\t\\u003ctd class=\\u0022hours\\u0022\\u003eChiuso\\u003c\/td\\u003e\\r\\n\\t\\u003c\/tr\\u003e\\r\\n\\t\\u003ctr class=\\u0022day domenica future closed\\u0022\\u003e\\r\\n\\t\\t\\u003cth class=\\u0022day-name\\u0022\\u003eDomenica:\\u003c\/th\\u003e\\r\\n\\t\\t\\u003ctd class=\\u0022hours\\u0022\\u003eChiuso\\u003c\/td\\u003e\\r\\n\\t\\u003c\/tr\\u003e\\r\\n\\u003c\/table\\u003e\\r\\n\\n\\u003c\/div\\u003e\\n\\t\\t\\u003c\/div\\u003e\\u003c\/div\\u003e\\u003cdiv id=\\u0022pgc-15-0-1\\u0022 class=\\u0022panel-grid-cell\\u0022 \\u003e\\u003cdiv id=\\u0022panel-15-0-1-0\\u0022 class=\\u0022widget_text so-panel widget widget_custom_html panel-first-child panel-last-child\\u0022 data-index=\\u00221\\u0022 \\u003e\\u003cdiv class=\\u0022textwidget custom-html-widget\\u0022\\u003e\\u003ciframe width=\\u0022425\\u0022 height=\\u0022350\\u0022 44 scrolling=\\u0022no\\u0022 marginheight=\\u00220\\u0022 marginwidth=\\u00220\\u0022 src=\\u0022https:\/\/www.openstreetmap.org\/export\/embed.html?bbox=9.660887718200685%2C45.360106569742314%2C9.709167480468752%2C45.3861539803366\\u0026amp;layer=mapnik\\u0026amp;marker=45.37311670089686%2C9.685022234916687\\u0022 style=\\u0022border: 1px solid black\\u0022\\u003e\\u003c\/iframe\\u003e\\u003cbr\/\\u003e\\u003csmall\\u003e\\u003ca href=\\u0022https:\/\/www.openstreetmap.org\/?mlat=45.3731\\u0026amp;mlon=9.6850#map=15\/45.3731\/9.6850\\u0022\\u003eVisualizza mappa ingrandita\\u003c\/a\\u003e\\u003c\/small\\u003e\\u003c\/div\\u003e\\u003c\/div\\u003e\\u003c\/div\\u003e\\u003c\/div\\u003e\\u003c\/div\\u003e\\u003c\/div\\u003e\"} --><\/p>\n<div class=\"wp-block-siteorigin-panels-layout-block\">\n<h3>Sede operativa<\/h3>\n<h4>Telefono<\/h4>\n<p><a href=\"tel:+393456076297\">+39 345 607 6297<\/a>&nbsp;<br \/>\nLe segreteria \u00e8 raggiungibile per telefono anche nelle mattinate del luned\u00ec e del venerd\u00ec, dalle ore 10.00 alle ore 12.00.<\/p>\n<h4>Indirizzo<\/h4>\n<p>Anche per l'anno accademico 2025\/2026 la segreteria e gli incontri si tengono nel quartiere Ombriano, Via Rampazzini n. 14, presso la scuola media \"C. Abbado\".&nbsp;<\/p>\n<p>Gli incontri potrebbero tenersi anche presso la Sala Alessandrini di Via Matilde di Canossa a Crema. Controllare il calendario per sapere quali e quando.<\/p>\n<p>Anche i laboratori sono attivi in sedi diverse, tali sedi sono indicate sul calendario.<\/p>\n<h4>Email<\/h4>\n<p><a href=\"mailto:info@uni-crema.it\">info@uni-crema.it<\/a><\/p>\n<h4>Orari di apertura<\/h4>\n<table class=\"opening-hours\">\r\n\t<tr class=\"day luned-- past weekday\">\r\n\t\t<th class=\"day-name\">Luned\u00ec:<\/th>\r\n\t\t<td class=\"hours\">15:00.16:30<\/td>\r\n\t<\/tr>\r\n\t<tr class=\"day marted-- past weekday\">\r\n\t\t<th class=\"day-name\">Marted\u00ec:<\/th>\r\n\t\t<td class=\"hours\">15:00.16:30<\/td>\r\n\t<\/tr>\r\n\t<tr class=\"day mercoled-- past weekday\">\r\n\t\t<th class=\"day-name\">Mercoled\u00ec:<\/th>\r\n\t\t<td class=\"hours\">15:00.16:30<\/td>\r\n\t<\/tr>\r\n\t<tr class=\"day gioved-- today weekday\">\r\n\t\t<th class=\"day-name\">Gioved\u00ec:<\/th>\r\n\t\t<td class=\"hours\">15:00.16:30<\/td>\r\n\t<\/tr>\r\n\t<tr class=\"day venerd-- tomorrow future weekday\">\r\n\t\t<th class=\"day-name\">Venerd\u00ec:<\/th>\r\n\t\t<td class=\"hours\">15:00.16:30<\/td>\r\n\t<\/tr>\r\n\t<tr class=\"day sabato future weekend closed\">\r\n\t\t<th class=\"day-name\">Sabato:<\/th>\r\n\t\t<td class=\"hours\">Chiuso<\/td>\r\n\t<\/tr>\r\n\t<tr class=\"day domenica future weekend closed\">\r\n\t\t<th class=\"day-name\">Domenica:<\/th>\r\n\t\t<td class=\"hours\">Chiuso<\/td>\r\n\t<\/tr>\r\n<\/table>\r\n\n<\/div>\n<p><!-- \/wp:siteorigin-panels\/layout-block --><\/p>\n<\/div>\n<\/div><\/div><\/div><div id=\"pgc-15-0-1\"  class=\"panel-grid-cell\" ><div id=\"panel-15-0-1-0\" class=\"widget_text so-panel widget widget_custom_html panel-first-child panel-last-child\" data-index=\"1\" ><div class=\"textwidget custom-html-widget\"><iframe style=\"width:100%;height:500px\" src=\"https:\/\/www.openstreetmap.org\/export\/embed.html?bbox=9.653508961200716%2C45.353508023497156%2C9.655727148056032%2C45.35502720858&amp;layer=mapnik&amp;marker=45.35426762113633%2C9.65461939573288\" style=\"border: 1px solid black\"><\/iframe><br\/><small><a href=\"https:\/\/www.openstreetmap.org\/?mlat=45.35427&amp;mlon=9.65462#map=19\/45.35427\/9.65462\">Visualizza mappa ingrandita<\/a><\/small><\/div><\/div><\/div><\/div><\/div><\/div>","protected":false},"excerpt":{"rendered":"<p>Sede operativa Telefono +39 345 607 6297&nbsp; Le segreteria \u00e8 raggiungibile per telefono anche nelle mattinate del luned\u00ec e del venerd\u00ec, dalle ore 10.00 alle ore 12.00. Indirizzo Anche per l&#8217;anno accademico 2025\/2026 la segreteria e gli incontri si tengono nel quartiere Ombriano, Via Rampazzini n. 14, presso la scuola media &#8220;C. Abbado&#8221;.&nbsp; Gli incontri&hellip;&nbsp;<a href=\"https:\/\/uni-crema.it\/uni-crema\/contatti\/\" rel=\"bookmark\">Leggi tutto &raquo;<span class=\"screen-reader-text\">Contatti<\/span><\/a><\/p>\n","protected":false},"author":1,"featured_media":0,"parent":0,"menu_order":0,"comment_status":"closed","ping_status":"closed","template":"","meta":{"neve_meta_sidebar":"","neve_meta_container":"","neve_meta_enable_content_width":"off","neve_meta_content_width":100,"neve_meta_title_alignment":"","neve_meta_author_avatar":"","neve_post_elements_order":"","neve_meta_disable_header":"","neve_meta_disable_footer":"","neve_meta_disable_title":"","ngg_post_thumbnail":0,"cybocfi_hide_featured_image":"","_mc_calendar":[],"footnotes":""},"folder":[],"class_list":["post-15","page","type-page","status-publish","hentry"],"yoast_head":"<!-- This site is optimized with the Yoast SEO plugin v27.4 - https:\/\/yoast.com\/product\/yoast-seo-wordpress\/ -->\n<title>Contatti - UNI-Crema<\/title>\n<meta name=\"robots\" content=\"index, follow, max-snippet:-1, max-image-preview:large, max-video-preview:-1\" \/>\n<link rel=\"canonical\" href=\"https:\/\/uni-crema.it\/uni-crema\/contatti\/\" \/>\n<meta property=\"og:locale\" content=\"it_IT\" \/>\n<meta property=\"og:type\" content=\"article\" \/>\n<meta property=\"og:title\" content=\"Contatti - UNI-Crema\" \/>\n<meta property=\"og:description\" content=\"Sede operativa Telefono +39 345 607 6297&nbsp; Le segreteria \u00e8 raggiungibile per telefono anche nelle mattinate del luned\u00ec e del venerd\u00ec, dalle ore 10.00 alle ore 12.00. Indirizzo Anche per l&#039;anno accademico 2025\/2026 la segreteria e gli incontri si tengono nel quartiere Ombriano, Via Rampazzini n. 14, presso la scuola media &quot;C. Abbado&quot;.&nbsp; Gli incontri&hellip;&nbsp;Leggi tutto &raquo;Contatti\" \/>\n<meta property=\"og:url\" content=\"https:\/\/uni-crema.it\/uni-crema\/contatti\/\" \/>\n<meta property=\"og:site_name\" content=\"UNI-Crema\" \/>\n<meta property=\"article:modified_time\" content=\"2025-11-18T15:04:55+00:00\" \/>\n<meta name=\"twitter:card\" content=\"summary_large_image\" \/>\n<meta name=\"twitter:label1\" content=\"Tempo di lettura stimato\" \/>\n\t<meta name=\"twitter:data1\" content=\"1 minuto\" \/>\n<script type=\"application\/ld+json\" class=\"yoast-schema-graph\">{\"@context\":\"https:\\\/\\\/schema.org\",\"@graph\":[{\"@type\":\"WebPage\",\"@id\":\"https:\\\/\\\/uni-crema.it\\\/uni-crema\\\/contatti\\\/\",\"url\":\"https:\\\/\\\/uni-crema.it\\\/uni-crema\\\/contatti\\\/\",\"name\":\"Contatti - UNI-Crema\",\"isPartOf\":{\"@id\":\"https:\\\/\\\/uni-crema.it\\\/uni-crema\\\/#website\"},\"datePublished\":\"2022-10-13T11:30:57+00:00\",\"dateModified\":\"2025-11-18T15:04:55+00:00\",\"breadcrumb\":{\"@id\":\"https:\\\/\\\/uni-crema.it\\\/uni-crema\\\/contatti\\\/#breadcrumb\"},\"inLanguage\":\"it-IT\",\"potentialAction\":[{\"@type\":\"ReadAction\",\"target\":[\"https:\\\/\\\/uni-crema.it\\\/uni-crema\\\/contatti\\\/\"]}]},{\"@type\":\"BreadcrumbList\",\"@id\":\"https:\\\/\\\/uni-crema.it\\\/uni-crema\\\/contatti\\\/#breadcrumb\",\"itemListElement\":[{\"@type\":\"ListItem\",\"position\":1,\"name\":\"Home\",\"item\":\"https:\\\/\\\/uni-crema.it\\\/uni-crema\\\/\"},{\"@type\":\"ListItem\",\"position\":2,\"name\":\"Contatti\"}]},{\"@type\":\"WebSite\",\"@id\":\"https:\\\/\\\/uni-crema.it\\\/uni-crema\\\/#website\",\"url\":\"https:\\\/\\\/uni-crema.it\\\/uni-crema\\\/\",\"name\":\"UNI-Crema\",\"description\":\"Libera Universit\u00e0 per l&#039;Et\u00e0 Adulta\",\"publisher\":{\"@id\":\"https:\\\/\\\/uni-crema.it\\\/uni-crema\\\/#organization\"},\"alternateName\":\"UNI-Crema\",\"potentialAction\":[{\"@type\":\"SearchAction\",\"target\":{\"@type\":\"EntryPoint\",\"urlTemplate\":\"https:\\\/\\\/uni-crema.it\\\/uni-crema\\\/?s={search_term_string}\"},\"query-input\":{\"@type\":\"PropertyValueSpecification\",\"valueRequired\":true,\"valueName\":\"search_term_string\"}}],\"inLanguage\":\"it-IT\"},{\"@type\":\"Organization\",\"@id\":\"https:\\\/\\\/uni-crema.it\\\/uni-crema\\\/#organization\",\"name\":\"uni-Crema\",\"alternateName\":\"Libera Universit\u00e0 per l'Et\u00e0 Adulta\",\"url\":\"https:\\\/\\\/uni-crema.it\\\/uni-crema\\\/\",\"logo\":{\"@type\":\"ImageObject\",\"inLanguage\":\"it-IT\",\"@id\":\"https:\\\/\\\/uni-crema.it\\\/uni-crema\\\/#\\\/schema\\\/logo\\\/image\\\/\",\"url\":\"https:\\\/\\\/uni-crema.it\\\/uni-crema\\\/wp-content\\\/uploads\\\/2022\\\/10\\\/kigo-UNI-Crema.png\",\"contentUrl\":\"https:\\\/\\\/uni-crema.it\\\/uni-crema\\\/wp-content\\\/uploads\\\/2022\\\/10\\\/kigo-UNI-Crema.png\",\"width\":292,\"height\":234,\"caption\":\"uni-Crema\"},\"image\":{\"@id\":\"https:\\\/\\\/uni-crema.it\\\/uni-crema\\\/#\\\/schema\\\/logo\\\/image\\\/\"}}]}<\/script>\n<!-- \/ Yoast SEO plugin. -->","yoast_head_json":{"title":"Contatti - UNI-Crema","robots":{"index":"index","follow":"follow","max-snippet":"max-snippet:-1","max-image-preview":"max-image-preview:large","max-video-preview":"max-video-preview:-1"},"canonical":"https:\/\/uni-crema.it\/uni-crema\/contatti\/","og_locale":"it_IT","og_type":"article","og_title":"Contatti - UNI-Crema","og_description":"Sede operativa Telefono +39 345 607 6297&nbsp; Le segreteria \u00e8 raggiungibile per telefono anche nelle mattinate del luned\u00ec e del venerd\u00ec, dalle ore 10.00 alle ore 12.00. Indirizzo Anche per l'anno accademico 2025\/2026 la segreteria e gli incontri si tengono nel quartiere Ombriano, Via Rampazzini n. 14, presso la scuola media \"C. Abbado\".&nbsp; Gli incontri&hellip;&nbsp;Leggi tutto &raquo;Contatti","og_url":"https:\/\/uni-crema.it\/uni-crema\/contatti\/","og_site_name":"UNI-Crema","article_modified_time":"2025-11-18T15:04:55+00:00","twitter_card":"summary_large_image","twitter_misc":{"Tempo di lettura stimato":"1 minuto"},"schema":{"@context":"https:\/\/schema.org","@graph":[{"@type":"WebPage","@id":"https:\/\/uni-crema.it\/uni-crema\/contatti\/","url":"https:\/\/uni-crema.it\/uni-crema\/contatti\/","name":"Contatti - UNI-Crema","isPartOf":{"@id":"https:\/\/uni-crema.it\/uni-crema\/#website"},"datePublished":"2022-10-13T11:30:57+00:00","dateModified":"2025-11-18T15:04:55+00:00","breadcrumb":{"@id":"https:\/\/uni-crema.it\/uni-crema\/contatti\/#breadcrumb"},"inLanguage":"it-IT","potentialAction":[{"@type":"ReadAction","target":["https:\/\/uni-crema.it\/uni-crema\/contatti\/"]}]},{"@type":"BreadcrumbList","@id":"https:\/\/uni-crema.it\/uni-crema\/contatti\/#breadcrumb","itemListElement":[{"@type":"ListItem","position":1,"name":"Home","item":"https:\/\/uni-crema.it\/uni-crema\/"},{"@type":"ListItem","position":2,"name":"Contatti"}]},{"@type":"WebSite","@id":"https:\/\/uni-crema.it\/uni-crema\/#website","url":"https:\/\/uni-crema.it\/uni-crema\/","name":"UNI-Crema","description":"Libera Universit\u00e0 per l&#039;Et\u00e0 Adulta","publisher":{"@id":"https:\/\/uni-crema.it\/uni-crema\/#organization"},"alternateName":"UNI-Crema","potentialAction":[{"@type":"SearchAction","target":{"@type":"EntryPoint","urlTemplate":"https:\/\/uni-crema.it\/uni-crema\/?s={search_term_string}"},"query-input":{"@type":"PropertyValueSpecification","valueRequired":true,"valueName":"search_term_string"}}],"inLanguage":"it-IT"},{"@type":"Organization","@id":"https:\/\/uni-crema.it\/uni-crema\/#organization","name":"uni-Crema","alternateName":"Libera Universit\u00e0 per l'Et\u00e0 Adulta","url":"https:\/\/uni-crema.it\/uni-crema\/","logo":{"@type":"ImageObject","inLanguage":"it-IT","@id":"https:\/\/uni-crema.it\/uni-crema\/#\/schema\/logo\/image\/","url":"https:\/\/uni-crema.it\/uni-crema\/wp-content\/uploads\/2022\/10\/kigo-UNI-Crema.png","contentUrl":"https:\/\/uni-crema.it\/uni-crema\/wp-content\/uploads\/2022\/10\/kigo-UNI-Crema.png","width":292,"height":234,"caption":"uni-Crema"},"image":{"@id":"https:\/\/uni-crema.it\/uni-crema\/#\/schema\/logo\/image\/"}}]}},"publishpress_future_action":{"enabled":false,"date":"2026-04-23 07:44:33","action":"change-status","newStatus":"draft","terms":[],"taxonomy":"folder","extraData":[]},"publishpress_future_workflow_manual_trigger":{"enabledWorkflows":[]},"_links":{"self":[{"href":"https:\/\/uni-crema.it\/uni-crema\/wp-json\/wp\/v2\/pages\/15","targetHints":{"allow":["GET"]}}],"collection":[{"href":"https:\/\/uni-crema.it\/uni-crema\/wp-json\/wp\/v2\/pages"}],"about":[{"href":"https:\/\/uni-crema.it\/uni-crema\/wp-json\/wp\/v2\/types\/page"}],"author":[{"embeddable":true,"href":"https:\/\/uni-crema.it\/uni-crema\/wp-json\/wp\/v2\/users\/1"}],"replies":[{"embeddable":true,"href":"https:\/\/uni-crema.it\/uni-crema\/wp-json\/wp\/v2\/comments?post=15"}],"version-history":[{"count":29,"href":"https:\/\/uni-crema.it\/uni-crema\/wp-json\/wp\/v2\/pages\/15\/revisions"}],"predecessor-version":[{"id":13634,"href":"https:\/\/uni-crema.it\/uni-crema\/wp-json\/wp\/v2\/pages\/15\/revisions\/13634"}],"wp:attachment":[{"href":"https:\/\/uni-crema.it\/uni-crema\/wp-json\/wp\/v2\/media?parent=15"}],"wp:term":[{"taxonomy":"folder","embeddable":true,"href":"https:\/\/uni-crema.it\/uni-crema\/wp-json\/wp\/v2\/folder?post=15"}],"curies":[{"name":"wp","href":"https:\/\/api.w.org\/{rel}","templated":true}]}}